{"id":3280,"date":"2026-02-27T19:23:31","date_gmt":"2026-02-27T19:23:31","guid":{"rendered":"https:\/\/ecophoto.cl\/?page_id=3280"},"modified":"2026-02-27T19:23:33","modified_gmt":"2026-02-27T19:23:33","slug":"photo-tour","status":"publish","type":"page","link":"https:\/\/ecophoto.cl\/?page_id=3280","title":{"rendered":"Photo Tour"},"content":{"rendered":"\n<p>Nuestros <strong>Photo Tours<\/strong> est\u00e1n dise\u00f1ados para amantes de la naturaleza y la fotograf\u00eda que buscan vivir experiencias aut\u00e9nticas mientras desarrollan su mirada creativa. Cada salida se realiza en entornos naturales cuidadosamente seleccionados, donde la luz, los paisajes y los detalles del territorio se convierten en el aula perfecta.<\/p>\n\n\n\n<p>Nos enfocamos en el aprendizaje pr\u00e1ctico en terreno, ense\u00f1ando t\u00e9cnicas fotogr\u00e1ficas aplicadas a paisajes, flora, agua en movimiento y condiciones de luz natural. M\u00e1s que una excursi\u00f3n, es una experiencia de conexi\u00f3n con el entorno, observaci\u00f3n consciente y desarrollo creativo.<\/p>\n\n\n\n<p>No importa si utilizas c\u00e1mara profesional o smartphone: lo esencial es tu inter\u00e9s por explorar, aprender y capturar la belleza del mundo natural. <br><br>Con tamos con una gran variedad de alternativas! <br><\/p>\n","protected":false},"excerpt":{"rendered":"<p>Nuestros Photo Tours est\u00e1n dise\u00f1ados para amantes de la naturaleza y la fotograf\u00eda que buscan vivir experiencias aut\u00e9nticas mientras desarrollan su mirada creativa. Cada salida se realiza en entornos naturales cuidadosamente seleccionados, donde la luz, los paisajes y los detalles del territorio se convierten en &hellip; <\/p>\n","protected":false},"author":2,"featured_media":0,"parent":0,"menu_order":0,"comment_status":"closed","ping_status":"closed","template":"","meta":[],"_links":{"self":[{"href":"https:\/\/ecophoto.cl\/index.php?rest_route=\/wp\/v2\/pages\/3280"}],"collection":[{"href":"https:\/\/ecophoto.cl\/index.php?rest_route=\/wp\/v2\/pages"}],"about":[{"href":"https:\/\/ecophoto.cl\/index.php?rest_route=\/wp\/v2\/types\/page"}],"author":[{"embeddable":true,"href":"https:\/\/ecophoto.cl\/index.php?rest_route=\/wp\/v2\/users\/2"}],"replies":[{"embeddable":true,"href":"https:\/\/ecophoto.cl\/index.php?rest_route=%2Fwp%2Fv2%2Fcomments&post=3280"}],"version-history":[{"count":1,"href":"https:\/\/ecophoto.cl\/index.php?rest_route=\/wp\/v2\/pages\/3280\/revisions"}],"predecessor-version":[{"id":3281,"href":"https:\/\/ecophoto.cl\/index.php?rest_route=\/wp\/v2\/pages\/3280\/revisions\/3281"}],"wp:attachment":[{"href":"https:\/\/ecophoto.cl\/index.php?rest_route=%2Fwp%2Fv2%2Fmedia&parent=3280"}],"curies":[{"name":"wp","href":"https:\/\/api.w.org\/{rel}","templated":true}]}}

<p>Nuestros <strong>Photo Tours</strong> están diseñados para amantes de la naturaleza y la fotografía que buscan vivir experiencias auténticas mientras desarrollan su mirada creativa. Cada salida se realiza en entornos naturales cuidadosamente seleccionados, donde la luz, los paisajes y los detalles del territorio se convierten en el aula perfecta.</p>



<p>Nos enfocamos en el aprendizaje práctico en terreno, enseñando técnicas fotográficas aplicadas a paisajes, flora, agua en movimiento y condiciones de luz natural. Más que una excursión, es una experiencia de conexión con el entorno, observación consciente y desarrollo creativo.</p>



<p>No importa si utilizas cámara profesional o smartphone: lo esencial es tu interés por explorar, aprender y capturar la belleza del mundo natural. <br><br>Con tamos con una gran variedad de alternativas! <br></p>

<p>Nuestros Photo Tours están diseñados para amantes de la naturaleza y la fotografía que buscan vivir experiencias auténticas mientras desarrollan su mirada creativa. Cada salida se realiza en entornos naturales cuidadosamente seleccionados, donde la luz, los paisajes y los detalles del territorio se convierten en &hellip; </p>
