{"id":3062,"date":"2023-09-13T17:01:00","date_gmt":"2023-09-13T17:01:00","guid":{"rendered":"https:\/\/ecophoto.cl\/?page_id=3062"},"modified":"2025-10-26T13:04:43","modified_gmt":"2025-10-26T13:04:43","slug":"transporte-4x4","status":"publish","type":"page","link":"https:\/\/ecophoto.cl\/?page_id=3062","title":{"rendered":"Transporte 4&#215;4"},"content":{"rendered":"\n<figure class=\"wp-block-image size-full\"><a href=\"https:\/\/ecophoto.cl\/wp-content\/uploads\/2025\/10\/getlogor.png\"><img loading=\"lazy\" width=\"293\" height=\"365\" src=\"https:\/\/ecophoto.cl\/wp-content\/uploads\/2025\/10\/getlogor.png\" alt=\"\" class=\"wp-image-3264\" srcset=\"https:\/\/ecophoto.cl\/wp-content\/uploads\/2025\/10\/getlogor.png 293w, https:\/\/ecophoto.cl\/wp-content\/uploads\/2025\/10\/getlogor-241x300.png 241w, https:\/\/ecophoto.cl\/wp-content\/uploads\/2025\/10\/getlogor-48x60.png 48w\" sizes=\"(max-width: 293px) 100vw, 293px\" \/><\/a><\/figure>\n\n\n\n<figure class=\"wp-block-image size-large\"><a href=\"https:\/\/ecophoto.cl\/wp-content\/uploads\/2023\/09\/DSC_8557-2.jpg\"><img loading=\"lazy\" width=\"1024\" height=\"363\" src=\"https:\/\/ecophoto.cl\/wp-content\/uploads\/2023\/09\/DSC_8557-2-1024x363.jpg\" alt=\"\" class=\"wp-image-3063\" srcset=\"https:\/\/ecophoto.cl\/wp-content\/uploads\/2023\/09\/DSC_8557-2-1024x363.jpg 1024w, https:\/\/ecophoto.cl\/wp-content\/uploads\/2023\/09\/DSC_8557-2-300x106.jpg 300w, https:\/\/ecophoto.cl\/wp-content\/uploads\/2023\/09\/DSC_8557-2-768x272.jpg 768w, https:\/\/ecophoto.cl\/wp-content\/uploads\/2023\/09\/DSC_8557-2-169x60.jpg 169w, https:\/\/ecophoto.cl\/wp-content\/uploads\/2023\/09\/DSC_8557-2-600x213.jpg 600w, https:\/\/ecophoto.cl\/wp-content\/uploads\/2023\/09\/DSC_8557-2.jpg 1200w\" sizes=\"(max-width: 1024px) 100vw, 1024px\" \/><\/a><\/figure>\n\n\n\n<p><br>Estimados Aventureros! <br><br>Contamos con el servicio de Transporte 4&#215;4 para rutas de dif\u00edcil acceso a su disposici\u00f3n. <br>Ya sea transporte a turistas, proyectos audiovisuales o traslados ejecutivos entre otros. <br><br>Inscrito en el ministerio de transporte como veh\u00edculo de expedici\u00f3n. <br><br>Nuestro veh\u00edculo cuenta con: <br>&#8211; Elemento de navegaci\u00f3n satelital. <br>&#8211; Elementos de radio comunicaci\u00f3n. <br>&#8211; Elemento de reparaci\u00f3n en ruta.<br>&#8211; Elementos de rescate. <br>&#8211; Botiqu\u00edn de primeros auxilios en ar\u00e9as remotas. <br>&#8211; Inversor corrente 12v &#8211; 220v<br>&#8211; Parrilla porta equipaje <br>&#8211; Conductor profesional A2 <br>&#8211; Extras: ( Frigobar, equipamiento de cocina y coffee junto a toldo impermeable para protecci\u00f3n del sol y lluvia) <br><\/p>\n\n\n\n<figure class=\"wp-block-image size-large\"><a href=\"http:\/\/ecophoto.cl\/wp-content\/uploads\/2022\/05\/240601694_10166264265110019_8819189067497718893_n.jpeg\"><img loading=\"lazy\" width=\"1024\" height=\"684\" src=\"http:\/\/ecophoto.cl\/wp-content\/uploads\/2022\/05\/240601694_10166264265110019_8819189067497718893_n-1024x684.jpeg\" alt=\"\" class=\"wp-image-2825\" srcset=\"https:\/\/ecophoto.cl\/wp-content\/uploads\/2022\/05\/240601694_10166264265110019_8819189067497718893_n-1024x684.jpeg 1024w, https:\/\/ecophoto.cl\/wp-content\/uploads\/2022\/05\/240601694_10166264265110019_8819189067497718893_n-600x401.jpeg 600w, https:\/\/ecophoto.cl\/wp-content\/uploads\/2022\/05\/240601694_10166264265110019_8819189067497718893_n-300x200.jpeg 300w, https:\/\/ecophoto.cl\/wp-content\/uploads\/2022\/05\/240601694_10166264265110019_8819189067497718893_n-768x513.jpeg 768w, https:\/\/ecophoto.cl\/wp-content\/uploads\/2022\/05\/240601694_10166264265110019_8819189067497718893_n-1536x1025.jpeg 1536w, https:\/\/ecophoto.cl\/wp-content\/uploads\/2022\/05\/240601694_10166264265110019_8819189067497718893_n-416x278.jpeg 416w, https:\/\/ecophoto.cl\/wp-content\/uploads\/2022\/05\/240601694_10166264265110019_8819189067497718893_n.jpeg 2000w\" sizes=\"(max-width: 1024px) 100vw, 1024px\" \/><\/a><\/figure>\n\n\n\n<div class=\"wp-block-contact-form-7-contact-form-selector\"><div role=\"form\" class=\"wpcf7\" id=\"wpcf7-f962-o1\" lang=\"es-ES\" dir=\"ltr\">\n<div class=\"screen-reader-response\"><p role=\"status\" aria-live=\"polite\" aria-atomic=\"true\"><\/p> <ul><\/ul><\/div>\n<form action=\"\/index.php?rest_route=%2Fwp%2Fv2%2Fpages%2F3062#wpcf7-f962-o1\" method=\"post\" class=\"wpcf7-form init\" novalidate=\"novalidate\" data-status=\"init\">\n<div style=\"display: none;\">\n<input type=\"hidden\" name=\"_wpcf7\" value=\"962\" \/>\n<input type=\"hidden\" name=\"_wpcf7_version\" value=\"5.5.6\" \/>\n<input type=\"hidden\" name=\"_wpcf7_locale\" value=\"es_ES\" \/>\n<input type=\"hidden\" name=\"_wpcf7_unit_tag\" value=\"wpcf7-f962-o1\" \/>\n<input type=\"hidden\" name=\"_wpcf7_container_post\" value=\"0\" \/>\n<input type=\"hidden\" name=\"_wpcf7_posted_data_hash\" value=\"\" \/>\n<\/div>\n<p><label> Tu nombre (requerido)<br \/>\n    <span class=\"wpcf7-form-control-wrap your-name\"><input type=\"text\" name=\"your-name\" value=\"\" size=\"40\" class=\"wpcf7-form-control wpcf7-text wpcf7-validates-as-required\" aria-required=\"true\" aria-invalid=\"false\" \/><\/span> <\/label><\/p>\n<p><label> Tu correo electr\u00f3nico (requerido)<br \/>\n    <span class=\"wpcf7-form-control-wrap your-email\"><input type=\"email\" name=\"your-email\" value=\"\" size=\"40\" class=\"wpcf7-form-control wpcf7-text wpcf7-email wpcf7-validates-as-required wpcf7-validates-as-email\" aria-required=\"true\" aria-invalid=\"false\" \/><\/span> <\/label><\/p>\n<p><label> Asunto<br \/>\n    <span class=\"wpcf7-form-control-wrap your-subject\"><input type=\"text\" name=\"your-subject\" value=\"\" size=\"40\" class=\"wpcf7-form-control wpcf7-text\" aria-invalid=\"false\" \/><\/span> <\/label><\/p>\n<p><label> Tu mensaje<br \/>\n    <span class=\"wpcf7-form-control-wrap your-message\"><textarea name=\"your-message\" cols=\"40\" rows=\"10\" class=\"wpcf7-form-control wpcf7-textarea\" aria-invalid=\"false\"><\/textarea><\/span> <\/label><\/p>\n<p><input type=\"submit\" value=\"Enviar\" class=\"wpcf7-form-control has-spinner wpcf7-submit\" \/><\/p>\n<div class=\"wpcf7-response-output\" aria-hidden=\"true\"><\/div><\/form><\/div><\/div>\n\n\n\n<p><\/p>\n","protected":false},"excerpt":{"rendered":"<p>Estimados Aventureros! Contamos con el servicio de Transporte 4&#215;4 para rutas de dif\u00edcil acceso a su disposici\u00f3n. Ya sea transporte a turistas, proyectos audiovisuales o traslados ejecutivos entre otros. Inscrito en el ministerio de transporte como veh\u00edculo de expedici\u00f3n. Nuestro veh\u00edculo cuenta con: &#8211; Elemento &hellip; <\/p>\n","protected":false},"author":2,"featured_media":0,"parent":0,"menu_order":0,"comment_status":"closed","ping_status":"closed","template":"","meta":[],"_links":{"self":[{"href":"https:\/\/ecophoto.cl\/index.php?rest_route=\/wp\/v2\/pages\/3062"}],"collection":[{"href":"https:\/\/ecophoto.cl\/index.php?rest_route=\/wp\/v2\/pages"}],"about":[{"href":"https:\/\/ecophoto.cl\/index.php?rest_route=\/wp\/v2\/types\/page"}],"author":[{"embeddable":true,"href":"https:\/\/ecophoto.cl\/index.php?rest_route=\/wp\/v2\/users\/2"}],"replies":[{"embeddable":true,"href":"https:\/\/ecophoto.cl\/index.php?rest_route=%2Fwp%2Fv2%2Fcomments&post=3062"}],"version-history":[{"count":7,"href":"https:\/\/ecophoto.cl\/index.php?rest_route=\/wp\/v2\/pages\/3062\/revisions"}],"predecessor-version":[{"id":3265,"href":"https:\/\/ecophoto.cl\/index.php?rest_route=\/wp\/v2\/pages\/3062\/revisions\/3265"}],"wp:attachment":[{"href":"https:\/\/ecophoto.cl\/index.php?rest_route=%2Fwp%2Fv2%2Fmedia&parent=3062"}],"curies":[{"name":"wp","href":"https:\/\/api.w.org\/{rel}","templated":true}]}}