{"id":2588,"date":"2021-07-08T14:48:58","date_gmt":"2021-07-08T14:48:58","guid":{"rendered":"http:\/\/ecophoto.cl\/?page_id=2588"},"modified":"2025-09-12T18:45:03","modified_gmt":"2025-09-12T18:45:03","slug":"los-nevados","status":"publish","type":"page","link":"https:\/\/ecophoto.cl\/?page_id=2588","title":{"rendered":"Los Nevados"},"content":{"rendered":"\n<p>Excursi\u00f3n que bordea el faldeo este del Volc\u00e1n Villarrica a trav\u00e9s de un desierto volc\u00e1nico de altura que parece en algunas partes un paisaje lunar. Se puede observar varios antiguos cr\u00e1teres secundarios y hay una buena vista hacia el Volc\u00e1n Quetrupill\u00e1n, Lan\u00edn y Llaima, pero en ocaciones se ve la cumbre del Villarrica.<br><\/p>\n\n\n\n<div class=\"wp-block-image\"><figure class=\"aligncenter size-large\"><a href=\"http:\/\/ecophoto.cl\/wp-content\/uploads\/2025\/09\/5.png\"><img loading=\"lazy\" width=\"1024\" height=\"1024\" src=\"http:\/\/ecophoto.cl\/wp-content\/uploads\/2025\/09\/5-1024x1024.png\" alt=\"\" class=\"wp-image-3259\" srcset=\"https:\/\/ecophoto.cl\/wp-content\/uploads\/2025\/09\/5-1024x1024.png 1024w, https:\/\/ecophoto.cl\/wp-content\/uploads\/2025\/09\/5-300x300.png 300w, https:\/\/ecophoto.cl\/wp-content\/uploads\/2025\/09\/5-150x150.png 150w, https:\/\/ecophoto.cl\/wp-content\/uploads\/2025\/09\/5-768x768.png 768w, https:\/\/ecophoto.cl\/wp-content\/uploads\/2025\/09\/5-630x630.png 630w, https:\/\/ecophoto.cl\/wp-content\/uploads\/2025\/09\/5-60x60.png 60w, https:\/\/ecophoto.cl\/wp-content\/uploads\/2025\/09\/5-600x600.png 600w, https:\/\/ecophoto.cl\/wp-content\/uploads\/2025\/09\/5-100x100.png 100w, https:\/\/ecophoto.cl\/wp-content\/uploads\/2025\/09\/5.png 1080w\" sizes=\"(max-width: 1024px) 100vw, 1024px\" \/><\/a><\/figure><\/div>\n\n\n\n<p>Durante el Invierno este lugar se convierte en un campo de diversiones fotogr\u00e1ficas, ya que tiene hermosas colinas, arboles y elementos compositivos para crear fotograf\u00edas art\u00edsticas a color como en blanco y negro.  Ademas al interior de su bosque podemos disfrutar en \u00e9pocas de oto\u00f1o gran cantidad de hongos. <br><br><\/p>\n\n\n\n<div class=\"wp-container-1 wp-block-group\"><div class=\"wp-block-group__inner-container\">\n<figure class=\"wp-block-gallery aligncenter has-nested-images columns-default is-cropped\">\n<figure class=\"wp-block-image size-large\"><a href=\"http:\/\/ecophoto.cl\/wp-content\/uploads\/2023\/07\/DSC_9616.jpg\"><img loading=\"lazy\" width=\"1335\" height=\"2000\" src=\"http:\/\/ecophoto.cl\/wp-content\/uploads\/2023\/07\/DSC_9616.jpg\" alt=\"\" class=\"wp-image-2997\" srcset=\"https:\/\/ecophoto.cl\/wp-content\/uploads\/2023\/07\/DSC_9616.jpg 1335w, https:\/\/ecophoto.cl\/wp-content\/uploads\/2023\/07\/DSC_9616-600x899.jpg 600w, https:\/\/ecophoto.cl\/wp-content\/uploads\/2023\/07\/DSC_9616-200x300.jpg 200w, https:\/\/ecophoto.cl\/wp-content\/uploads\/2023\/07\/DSC_9616-684x1024.jpg 684w, https:\/\/ecophoto.cl\/wp-content\/uploads\/2023\/07\/DSC_9616-768x1151.jpg 768w, https:\/\/ecophoto.cl\/wp-content\/uploads\/2023\/07\/DSC_9616-1025x1536.jpg 1025w\" sizes=\"(max-width: 1335px) 100vw, 1335px\" \/><\/a><\/figure>\n\n\n\n<figure class=\"wp-block-image size-large\"><a href=\"http:\/\/ecophoto.cl\/wp-content\/uploads\/2023\/07\/DSC_9619.jpg\"><img loading=\"lazy\" width=\"1335\" height=\"2000\" src=\"http:\/\/ecophoto.cl\/wp-content\/uploads\/2023\/07\/DSC_9619.jpg\" alt=\"\" class=\"wp-image-2998\" srcset=\"https:\/\/ecophoto.cl\/wp-content\/uploads\/2023\/07\/DSC_9619.jpg 1335w, https:\/\/ecophoto.cl\/wp-content\/uploads\/2023\/07\/DSC_9619-600x899.jpg 600w, https:\/\/ecophoto.cl\/wp-content\/uploads\/2023\/07\/DSC_9619-200x300.jpg 200w, https:\/\/ecophoto.cl\/wp-content\/uploads\/2023\/07\/DSC_9619-684x1024.jpg 684w, https:\/\/ecophoto.cl\/wp-content\/uploads\/2023\/07\/DSC_9619-768x1151.jpg 768w, https:\/\/ecophoto.cl\/wp-content\/uploads\/2023\/07\/DSC_9619-1025x1536.jpg 1025w\" sizes=\"(max-width: 1335px) 100vw, 1335px\" \/><\/a><\/figure>\n\n\n\n<figure class=\"wp-block-image size-large\"><a href=\"http:\/\/ecophoto.cl\/wp-content\/uploads\/2023\/07\/DSC_9764.jpg\"><img loading=\"lazy\" width=\"1798\" height=\"1200\" src=\"http:\/\/ecophoto.cl\/wp-content\/uploads\/2023\/07\/DSC_9764.jpg\" alt=\"\" class=\"wp-image-3000\" srcset=\"https:\/\/ecophoto.cl\/wp-content\/uploads\/2023\/07\/DSC_9764.jpg 1798w, https:\/\/ecophoto.cl\/wp-content\/uploads\/2023\/07\/DSC_9764-600x400.jpg 600w, https:\/\/ecophoto.cl\/wp-content\/uploads\/2023\/07\/DSC_9764-300x200.jpg 300w, https:\/\/ecophoto.cl\/wp-content\/uploads\/2023\/07\/DSC_9764-1024x683.jpg 1024w, https:\/\/ecophoto.cl\/wp-content\/uploads\/2023\/07\/DSC_9764-768x513.jpg 768w, https:\/\/ecophoto.cl\/wp-content\/uploads\/2023\/07\/DSC_9764-1536x1025.jpg 1536w\" sizes=\"(max-width: 1798px) 100vw, 1798px\" \/><\/a><\/figure>\n\n\n\n<figure class=\"wp-block-image size-large\"><a href=\"http:\/\/ecophoto.cl\/wp-content\/uploads\/2023\/07\/DSC_9782.jpg\"><img loading=\"lazy\" width=\"801\" height=\"1200\" src=\"http:\/\/ecophoto.cl\/wp-content\/uploads\/2023\/07\/DSC_9782.jpg\" alt=\"\" class=\"wp-image-3001\" srcset=\"https:\/\/ecophoto.cl\/wp-content\/uploads\/2023\/07\/DSC_9782.jpg 801w, https:\/\/ecophoto.cl\/wp-content\/uploads\/2023\/07\/DSC_9782-600x899.jpg 600w, https:\/\/ecophoto.cl\/wp-content\/uploads\/2023\/07\/DSC_9782-200x300.jpg 200w, https:\/\/ecophoto.cl\/wp-content\/uploads\/2023\/07\/DSC_9782-684x1024.jpg 684w, https:\/\/ecophoto.cl\/wp-content\/uploads\/2023\/07\/DSC_9782-768x1151.jpg 768w\" sizes=\"(max-width: 801px) 100vw, 801px\" \/><\/a><\/figure>\n\n\n\n<figure class=\"wp-block-image size-large\"><a href=\"http:\/\/ecophoto.cl\/wp-content\/uploads\/2023\/07\/DSC_9798.jpg\"><img loading=\"lazy\" width=\"801\" height=\"1200\" src=\"http:\/\/ecophoto.cl\/wp-content\/uploads\/2023\/07\/DSC_9798.jpg\" alt=\"\" class=\"wp-image-3002\" srcset=\"https:\/\/ecophoto.cl\/wp-content\/uploads\/2023\/07\/DSC_9798.jpg 801w, https:\/\/ecophoto.cl\/wp-content\/uploads\/2023\/07\/DSC_9798-600x899.jpg 600w, https:\/\/ecophoto.cl\/wp-content\/uploads\/2023\/07\/DSC_9798-200x300.jpg 200w, https:\/\/ecophoto.cl\/wp-content\/uploads\/2023\/07\/DSC_9798-684x1024.jpg 684w, https:\/\/ecophoto.cl\/wp-content\/uploads\/2023\/07\/DSC_9798-768x1151.jpg 768w\" sizes=\"(max-width: 801px) 100vw, 801px\" \/><\/a><\/figure>\n\n\n\n<figure class=\"wp-block-image size-large\"><a href=\"http:\/\/ecophoto.cl\/wp-content\/uploads\/2023\/07\/DSC_9808.jpg\"><img loading=\"lazy\" width=\"1200\" height=\"801\" src=\"http:\/\/ecophoto.cl\/wp-content\/uploads\/2023\/07\/DSC_9808.jpg\" alt=\"\" class=\"wp-image-3003\" srcset=\"https:\/\/ecophoto.cl\/wp-content\/uploads\/2023\/07\/DSC_9808.jpg 1200w, https:\/\/ecophoto.cl\/wp-content\/uploads\/2023\/07\/DSC_9808-600x401.jpg 600w, https:\/\/ecophoto.cl\/wp-content\/uploads\/2023\/07\/DSC_9808-300x200.jpg 300w, https:\/\/ecophoto.cl\/wp-content\/uploads\/2023\/07\/DSC_9808-1024x684.jpg 1024w, https:\/\/ecophoto.cl\/wp-content\/uploads\/2023\/07\/DSC_9808-768x513.jpg 768w\" sizes=\"(max-width: 1200px) 100vw, 1200px\" \/><\/a><\/figure>\n\n\n\n<figure class=\"wp-block-image size-large\"><a href=\"http:\/\/ecophoto.cl\/wp-content\/uploads\/2023\/07\/DSC_9827.jpg\"><img loading=\"lazy\" width=\"801\" height=\"1200\" src=\"http:\/\/ecophoto.cl\/wp-content\/uploads\/2023\/07\/DSC_9827.jpg\" alt=\"\" class=\"wp-image-3004\" srcset=\"https:\/\/ecophoto.cl\/wp-content\/uploads\/2023\/07\/DSC_9827.jpg 801w, https:\/\/ecophoto.cl\/wp-content\/uploads\/2023\/07\/DSC_9827-600x899.jpg 600w, https:\/\/ecophoto.cl\/wp-content\/uploads\/2023\/07\/DSC_9827-200x300.jpg 200w, https:\/\/ecophoto.cl\/wp-content\/uploads\/2023\/07\/DSC_9827-684x1024.jpg 684w, https:\/\/ecophoto.cl\/wp-content\/uploads\/2023\/07\/DSC_9827-768x1151.jpg 768w\" sizes=\"(max-width: 801px) 100vw, 801px\" \/><\/a><\/figure>\n\n\n\n<figure class=\"wp-block-image size-large\"><a href=\"http:\/\/ecophoto.cl\/wp-content\/uploads\/2023\/07\/DSC_9880.jpg\"><img loading=\"lazy\" width=\"2000\" height=\"1335\" src=\"http:\/\/ecophoto.cl\/wp-content\/uploads\/2023\/07\/DSC_9880.jpg\" alt=\"\" class=\"wp-image-3005\" srcset=\"https:\/\/ecophoto.cl\/wp-content\/uploads\/2023\/07\/DSC_9880.jpg 2000w, https:\/\/ecophoto.cl\/wp-content\/uploads\/2023\/07\/DSC_9880-600x401.jpg 600w, https:\/\/ecophoto.cl\/wp-content\/uploads\/2023\/07\/DSC_9880-300x200.jpg 300w, https:\/\/ecophoto.cl\/wp-content\/uploads\/2023\/07\/DSC_9880-1024x684.jpg 1024w, https:\/\/ecophoto.cl\/wp-content\/uploads\/2023\/07\/DSC_9880-768x513.jpg 768w, https:\/\/ecophoto.cl\/wp-content\/uploads\/2023\/07\/DSC_9880-1536x1025.jpg 1536w\" sizes=\"(max-width: 2000px) 100vw, 2000px\" \/><\/a><\/figure>\n\n\n\n<figure class=\"wp-block-image size-large\"><a href=\"http:\/\/ecophoto.cl\/wp-content\/uploads\/2023\/07\/DSC_9912.jpg\"><img loading=\"lazy\" width=\"2000\" height=\"1335\" src=\"http:\/\/ecophoto.cl\/wp-content\/uploads\/2023\/07\/DSC_9912.jpg\" alt=\"\" class=\"wp-image-3006\" srcset=\"https:\/\/ecophoto.cl\/wp-content\/uploads\/2023\/07\/DSC_9912.jpg 2000w, https:\/\/ecophoto.cl\/wp-content\/uploads\/2023\/07\/DSC_9912-600x401.jpg 600w, https:\/\/ecophoto.cl\/wp-content\/uploads\/2023\/07\/DSC_9912-300x200.jpg 300w, https:\/\/ecophoto.cl\/wp-content\/uploads\/2023\/07\/DSC_9912-1024x684.jpg 1024w, https:\/\/ecophoto.cl\/wp-content\/uploads\/2023\/07\/DSC_9912-768x513.jpg 768w, https:\/\/ecophoto.cl\/wp-content\/uploads\/2023\/07\/DSC_9912-1536x1025.jpg 1536w\" sizes=\"(max-width: 2000px) 100vw, 2000px\" \/><\/a><\/figure>\n<\/figure>\n<\/div><\/div>\n\n\n\n<p><strong>Distancia y duraci\u00f3n:<\/strong><br>4 km de ida, 1\u00bd horas de subida, 1 hora de regreso. Punto de partida a 1.175 m, altura m\u00e1xima 1.430 m, subida acumulada total 280 m.<\/p>\n\n\n\n<p><strong>Exigencia f\u00edsica:<\/strong><br>Suave, paseo para toda la familia.<\/p>\n\n\n\n<p><strong>Mejor \u00e9poca:<\/strong><br>Todo el a\u00f1o. <\/p>\n\n\n\n<p><strong>Equipo:<\/strong><br>Se recomienda equipo de trekking ligero, aunque es recomendable zapatos de ca\u00f1a alta por la arena volc\u00e1nica. <br>En el trayecto no hay agua.   <br>Bastones de trekking, vestuario por capas, protector solar, gorro y lente de sol.<br><br>Valores:<br>$65.000 .- ( Incluye Guia certificado, transporte y entradas)<br><br>Si planeas visitar la zona en temporada invernal, podemos incluir raquetas y polainas. <br><br><div role=\"form\" class=\"wpcf7\" id=\"wpcf7-f962-o1\" lang=\"es-ES\" dir=\"ltr\">\n<div class=\"screen-reader-response\"><p role=\"status\" aria-live=\"polite\" aria-atomic=\"true\"><\/p> <ul><\/ul><\/div>\n<form action=\"\/index.php?rest_route=%2Fwp%2Fv2%2Fpages%2F2588#wpcf7-f962-o1\" method=\"post\" class=\"wpcf7-form init\" novalidate=\"novalidate\" data-status=\"init\">\n<div style=\"display: none;\">\n<input type=\"hidden\" name=\"_wpcf7\" value=\"962\" \/>\n<input type=\"hidden\" name=\"_wpcf7_version\" value=\"5.5.6\" \/>\n<input type=\"hidden\" name=\"_wpcf7_locale\" value=\"es_ES\" \/>\n<input type=\"hidden\" name=\"_wpcf7_unit_tag\" value=\"wpcf7-f962-o1\" \/>\n<input type=\"hidden\" name=\"_wpcf7_container_post\" value=\"0\" \/>\n<input type=\"hidden\" name=\"_wpcf7_posted_data_hash\" value=\"\" \/>\n<\/div>\n<p><label> Tu nombre (requerido)<br \/>\n    <span class=\"wpcf7-form-control-wrap your-name\"><input type=\"text\" name=\"your-name\" value=\"\" size=\"40\" class=\"wpcf7-form-control wpcf7-text wpcf7-validates-as-required\" aria-required=\"true\" aria-invalid=\"false\" \/><\/span> <\/label><\/p>\n<p><label> Tu correo electr\u00f3nico (requerido)<br \/>\n    <span class=\"wpcf7-form-control-wrap your-email\"><input type=\"email\" name=\"your-email\" value=\"\" size=\"40\" class=\"wpcf7-form-control wpcf7-text wpcf7-email wpcf7-validates-as-required wpcf7-validates-as-email\" aria-required=\"true\" aria-invalid=\"false\" \/><\/span> <\/label><\/p>\n<p><label> Asunto<br \/>\n    <span class=\"wpcf7-form-control-wrap your-subject\"><input type=\"text\" name=\"your-subject\" value=\"\" size=\"40\" class=\"wpcf7-form-control wpcf7-text\" aria-invalid=\"false\" \/><\/span> <\/label><\/p>\n<p><label> Tu mensaje<br \/>\n    <span class=\"wpcf7-form-control-wrap your-message\"><textarea name=\"your-message\" cols=\"40\" rows=\"10\" class=\"wpcf7-form-control wpcf7-textarea\" aria-invalid=\"false\"><\/textarea><\/span> <\/label><\/p>\n<p><input type=\"submit\" value=\"Enviar\" class=\"wpcf7-form-control has-spinner wpcf7-submit\" \/><\/p>\n<div class=\"wpcf7-response-output\" aria-hidden=\"true\"><\/div><\/form><\/div><\/p>\n","protected":false},"excerpt":{"rendered":"<p>Excursi\u00f3n que bordea el faldeo este del Volc\u00e1n Villarrica a trav\u00e9s de un desierto volc\u00e1nico de altura que parece en algunas partes un paisaje lunar. Se puede observar varios antiguos cr\u00e1teres secundarios y hay una buena vista hacia el Volc\u00e1n Quetrupill\u00e1n, Lan\u00edn y Llaima, pero &hellip; <\/p>\n","protected":false},"author":2,"featured_media":0,"parent":0,"menu_order":0,"comment_status":"closed","ping_status":"closed","template":"","meta":[],"_links":{"self":[{"href":"https:\/\/ecophoto.cl\/index.php?rest_route=\/wp\/v2\/pages\/2588"}],"collection":[{"href":"https:\/\/ecophoto.cl\/index.php?rest_route=\/wp\/v2\/pages"}],"about":[{"href":"https:\/\/ecophoto.cl\/index.php?rest_route=\/wp\/v2\/types\/page"}],"author":[{"embeddable":true,"href":"https:\/\/ecophoto.cl\/index.php?rest_route=\/wp\/v2\/users\/2"}],"replies":[{"embeddable":true,"href":"https:\/\/ecophoto.cl\/index.php?rest_route=%2Fwp%2Fv2%2Fcomments&post=2588"}],"version-history":[{"count":3,"href":"https:\/\/ecophoto.cl\/index.php?rest_route=\/wp\/v2\/pages\/2588\/revisions"}],"predecessor-version":[{"id":3261,"href":"https:\/\/ecophoto.cl\/index.php?rest_route=\/wp\/v2\/pages\/2588\/revisions\/3261"}],"wp:attachment":[{"href":"https:\/\/ecophoto.cl\/index.php?rest_route=%2Fwp%2Fv2%2Fmedia&parent=2588"}],"curies":[{"name":"wp","href":"https:\/\/api.w.org\/{rel}","templated":true}]}}