{"id":1771,"date":"2019-03-07T15:38:41","date_gmt":"2019-03-07T15:38:41","guid":{"rendered":"http:\/\/ecophoto.cl\/?post_type=tribe_events&#038;p=1771"},"modified":"2019-03-12T13:38:30","modified_gmt":"2019-03-12T13:38:30","slug":"noche-estrellada-taller-de-fotografia-nocturna","status":"publish","type":"tribe_events","link":"http:\/\/ecophoto.cl\/?tribe_events=noche-estrellada-taller-de-fotografia-nocturna","title":{"rendered":"Noche estrellada, Taller de fotografi\u00e1 nocturna."},"content":{"rendered":"<p>&nbsp;<\/p>\n<h1 style=\"text-align: center;\"><strong>TALLER INTENSIVO DE FOTOGRAF\u00cdA NOCTURNA.<\/strong><\/h1>\n<h2 style=\"text-align: center;\">S\u00e1cale el m\u00e1ximo partido a tu c\u00e1mara, en un completo taller de fotograf\u00eda Nocturna &#8211; intensivo.<\/h2>\n<p style=\"text-align: center;\">En este taller podr\u00e1s descubrir el mundo de la fotograf\u00eda nocturna y larga exposici\u00f3n. Aprenderemos los principios te\u00f3rico\/pr\u00e1cticos de este hermoso arte; podr\u00e1s explorar las m\u00faltiples posibilidades de tu c\u00e1mara, desde la configuraci\u00f3n de tu c\u00e1mara, a realizar grandes paisajes junto a las estrellas!<\/p>\n<p style=\"text-align: center;\">Temario:<\/p>\n<p style=\"text-align: center;\">&#8211; Primeros pasos y equipamiento.<br \/>\n&#8211; Descubriendo el mundo de la noche<br \/>\n&#8211; Configuraci\u00f3n de la c\u00e1mara.<br \/>\n&#8211; Tipos de luz<br \/>\n&#8211; Exposici\u00f3n lunas y estrellas.<br \/>\n&#8211; Trazado de estrellas.<br \/>\n&#8211; V\u00eda L\u00e1ctea.<br \/>\n&#8211; Nubes y viento.<br \/>\n&#8211; Contaminaci\u00f3n lum\u00ednica.<\/p>\n<p style=\"text-align: center;\">Nivel de dificultad: B\u00e1sico.<br \/>\nEs clave saber y utilizar los conceptos b\u00e1sicos de la fotograf\u00eda, como diafragma, velocidades de obturaci\u00f3n, el ISO entre otras cosas.<br \/>\nRequisitos de equipo: C\u00e1mara digital R\u00e9flex o compacta con modos manuales, tr\u00edpode y disparador remoto y linterna frontal.<\/p>\n<h2 style=\"text-align: center;\"><strong><br \/>\nItinerario:<\/strong><\/h2>\n<p style=\"text-align: center;\"><strong>Jueves 4 de Abril.<\/strong><\/p>\n<p style=\"text-align: center;\">&#8211; 18:00 Clase Te\u00f3rica.<br \/>\n&#8211; 20:00 Coffy y Termino de clases.<\/p>\n<p style=\"text-align: center;\"><strong>S\u00e1bado 6 de Abril.<\/strong><\/p>\n<p style=\"text-align: center;\">&#8211; 15:00 Salida desde Temuco<br \/>\n&#8211; 17:00 llegada al PN Conguill\u00edo.<br \/>\n&#8211; 17:30 Armado de campamento.<br \/>\n&#8211; 19:00 B\u00fasqueda compositiva fotograf\u00eda de atardecer.<br \/>\n&#8211; 21:00 Cena<br \/>\n&#8211; 22:30 Fotograf\u00eda Nocturna<br \/>\n&#8211; 12:00 a 01:00 a dormir.<\/p>\n<p style=\"text-align: center;\"><strong>Domingo 7<br \/>\n<\/strong><br \/>\n&#8211; 9:00 Desayuno y desarmar campamento<br \/>\n&#8211; 10:00 Trekking Fotogr\u00e1fico Sierra nevada.<br \/>\n&#8211; 16:00 Regreso a Temuco<br \/>\n&#8211; 18:00 llegada a Temuco.<\/p>\n<p style=\"text-align: center;\">Datos t\u00e9cnicos<\/p>\n<p style=\"text-align: center;\">Dificultad\u00a0\u00a0 \u00a0\u00a0\u00a0\u00a0\u00a0\u00a0\u00a0\u00a0\u00a0\u00a0\u00a0\u00a0\u00a0\u00a0\u00a0\u00a0\u00a0\u00a0\u00a0\u00a0\u00a0f\u00e1cil a Media.<br \/>\nAltitud m\u00e1xima\u00a0\u00a0\u00a0\u00a0\u00a0\u00a0\u00a0\u00a0\u00a0\u00a0\u00a0\u00a0\u00a0\u00a0 1.691 m.s.n.m.a<br \/>\nTemperatura Aprox\u00a0\u00a0\u00a0\u00a0\u00a0\u00a0\u00a0\u00a0 20\u00bac \/ -0\u00ba<\/p>\n<p style=\"text-align: center;\">Horas de Trekking\u00a0\u00a0\u00a0\u00a0\u00a0\u00a0\u00a0\u00a0\u00a0\u00a0 5 hr total.<\/p>\n<p style=\"text-align: center;\">Equipamiento recomendado<\/p>\n<p style=\"text-align: center;\">&#8211; Zapato de Trekking, ca\u00f1a alta, impermeable!<br \/>\n&#8211; Vestuario por capas:<br \/>\n&#8211; Primera capas: Lana merino, Poli\u00e9ster o Polipropileno (camisetas)<br \/>\n&#8211; Segunda capa: Pantal\u00f3n de trekking , sofshell o polar.<\/p>\n<p style=\"text-align: center;\">&#8211; Tercera capa: Chaqueta impermeable, Chaqueta de Pluma o sint\u00e9tica.<br \/>\n&#8211; Gorro de abrigo<br \/>\n&#8211; Gorro de Sol<br \/>\n&#8211; Guantes<\/p>\n<p style=\"text-align: center;\">&#8211; Lentes<br \/>\n&#8211; Bloqueador solar<br \/>\n&#8211; Linterna frontal.<\/p>\n<p style=\"text-align: center;\">Equipamiento fotogr\u00e1fico recomendado:<\/p>\n<p style=\"text-align: center;\">&#8211; C\u00e1mara r\u00e9flex o compacta.<br \/>\n&#8211; Lentes Angular y teleobjetivo medio<br \/>\n&#8211; Tr\u00edpode<br \/>\n&#8211; Filtros (polarizador, ND, NDG)<br \/>\n&#8211; Accesorios (Bater\u00edas, Tarjetas, cable disparador, control remoto Etc. )<br \/>\n&#8211; Mochila.<\/p>\n<p style=\"text-align: center;\"><strong>Valor:<\/strong> <strong>$80.000 P\/p<\/strong><\/p>\n<p style=\"text-align: center;\">Incluye:<\/p>\n<p style=\"text-align: center;\">&#8211; D\u00eda 1: Cena: Picoteo y Pastas salsa Pesto.<br \/>\n&#8211; Jugos y bebidas.<br \/>\n&#8211; D\u00eda 2: Desayuno: cereal y yogurt , Pan Jam\u00f3n, queso Te y caf\u00e9.<br \/>\n&#8211; Snack y raci\u00f3n de marcha ( 2 Barra de cereal, fruta, S\u00e1ndwich, jugo deportivo)<\/p>\n<p style=\"text-align: center;\">&#8211; Alojamiento en carpa ( incluye carpa y colchoneta opcional)<br \/>\n&#8211; Ba\u00f1o camping<br \/>\n&#8211; Gu\u00eda de Turismo y fot\u00f3grafo.<\/p>\n<p style=\"text-align: center;\"><strong>No incluye.<\/strong><\/p>\n<p style=\"text-align: center;\">&#8211; Seguros contra accidentes.<br \/>\n&#8211; Saco de dormir.<br \/>\n-Equipamiento extra a la actividad.<br \/>\n&#8211; Toallas ni \u00fatiles personales.<br \/>\n&#8211; Comidas extras a la actividad.<\/p>\n<p style=\"text-align: center;\">Nota: El evento puede verse modificado por condiciones de fuerza mayor o clim\u00e1ticas.<\/p>\n","protected":false},"excerpt":{"rendered":"<p>&nbsp; TALLER INTENSIVO DE FOTOGRAF\u00cdA NOCTURNA. S\u00e1cale el m\u00e1ximo partido a tu c\u00e1mara, en un completo taller de fotograf\u00eda Nocturna &#8211; intensivo. En este taller podr\u00e1s descubrir el mundo de la fotograf\u00eda nocturna y larga exposici\u00f3n. Aprenderemos los principios te\u00f3rico\/pr\u00e1cticos de este hermoso arte; podr\u00e1s &hellip; <\/p>\n","protected":false},"author":2,"featured_media":1787,"comment_status":"open","ping_status":"closed","template":"","meta":{"_tribe_events_status":"","_tribe_events_status_reason":""},"tags":[],"tribe_events_cat":[],"_links":{"self":[{"href":"http:\/\/ecophoto.cl\/index.php?rest_route=\/wp\/v2\/tribe_events\/1771"}],"collection":[{"href":"http:\/\/ecophoto.cl\/index.php?rest_route=\/wp\/v2\/tribe_events"}],"about":[{"href":"http:\/\/ecophoto.cl\/index.php?rest_route=\/wp\/v2\/types\/tribe_events"}],"author":[{"embeddable":true,"href":"http:\/\/ecophoto.cl\/index.php?rest_route=\/wp\/v2\/users\/2"}],"replies":[{"embeddable":true,"href":"http:\/\/ecophoto.cl\/index.php?rest_route=%2Fwp%2Fv2%2Fcomments&post=1771"}],"version-history":[{"count":11,"href":"http:\/\/ecophoto.cl\/index.php?rest_route=\/wp\/v2\/tribe_events\/1771\/revisions"}],"predecessor-version":[{"id":1788,"href":"http:\/\/ecophoto.cl\/index.php?rest_route=\/wp\/v2\/tribe_events\/1771\/revisions\/1788"}],"wp:featuredmedia":[{"embeddable":true,"href":"http:\/\/ecophoto.cl\/index.php?rest_route=\/wp\/v2\/media\/1787"}],"wp:attachment":[{"href":"http:\/\/ecophoto.cl\/index.php?rest_route=%2Fwp%2Fv2%2Fmedia&parent=1771"}],"wp:term":[{"taxonomy":"post_tag","embeddable":true,"href":"http:\/\/ecophoto.cl\/index.php?rest_route=%2Fwp%2Fv2%2Ftags&post=1771"},{"taxonomy":"tribe_events_cat","embeddable":true,"href":"http:\/\/ecophoto.cl\/index.php?rest_route=%2Fwp%2Fv2%2Ftribe_events_cat&post=1771"}],"curies":[{"name":"wp","href":"https:\/\/api.w.org\/{rel}","templated":true}]}}

Noche estrellada, Taller de fotografiá nocturna.

<p>&nbsp;</p>
<h1 style="text-align: center;"><strong>TALLER INTENSIVO DE FOTOGRAFÍA NOCTURNA.</strong></h1>
<h2 style="text-align: center;">Sácale el máximo partido a tu cámara, en un completo taller de fotografía Nocturna &#8211; intensivo.</h2>
<p style="text-align: center;">En este taller podrás descubrir el mundo de la fotografía nocturna y larga exposición. Aprenderemos los principios teórico/prácticos de este hermoso arte; podrás explorar las múltiples posibilidades de tu cámara, desde la configuración de tu cámara, a realizar grandes paisajes junto a las estrellas!</p>
<p style="text-align: center;">Temario:</p>
<p style="text-align: center;">&#8211; Primeros pasos y equipamiento.<br />
&#8211; Descubriendo el mundo de la noche<br />
&#8211; Configuración de la cámara.<br />
&#8211; Tipos de luz<br />
&#8211; Exposición lunas y estrellas.<br />
&#8211; Trazado de estrellas.<br />
&#8211; Vía Láctea.<br />
&#8211; Nubes y viento.<br />
&#8211; Contaminación lumínica.</p>
<p style="text-align: center;">Nivel de dificultad: Básico.<br />
Es clave saber y utilizar los conceptos básicos de la fotografía, como diafragma, velocidades de obturación, el ISO entre otras cosas.<br />
Requisitos de equipo: Cámara digital Réflex o compacta con modos manuales, trípode y disparador remoto y linterna frontal.</p>
<h2 style="text-align: center;"><strong><br />
Itinerario:</strong></h2>
<p style="text-align: center;"><strong>Jueves 4 de Abril.</strong></p>
<p style="text-align: center;">&#8211; 18:00 Clase Teórica.<br />
&#8211; 20:00 Coffy y Termino de clases.</p>
<p style="text-align: center;"><strong>Sábado 6 de Abril.</strong></p>
<p style="text-align: center;">&#8211; 15:00 Salida desde Temuco<br />
&#8211; 17:00 llegada al PN Conguillío.<br />
&#8211; 17:30 Armado de campamento.<br />
&#8211; 19:00 Búsqueda compositiva fotografía de atardecer.<br />
&#8211; 21:00 Cena<br />
&#8211; 22:30 Fotografía Nocturna<br />
&#8211; 12:00 a 01:00 a dormir.</p>
<p style="text-align: center;"><strong>Domingo 7<br />
</strong><br />
&#8211; 9:00 Desayuno y desarmar campamento<br />
&#8211; 10:00 Trekking Fotográfico Sierra nevada.<br />
&#8211; 16:00 Regreso a Temuco<br />
&#8211; 18:00 llegada a Temuco.</p>
<p style="text-align: center;">Datos técnicos</p>
<p style="text-align: center;">Dificultad                        fácil a Media.<br />
Altitud máxima               1.691 m.s.n.m.a<br />
Temperatura Aprox         20ºc / -0º</p>
<p style="text-align: center;">Horas de Trekking           5 hr total.</p>
<p style="text-align: center;">Equipamiento recomendado</p>
<p style="text-align: center;">&#8211; Zapato de Trekking, caña alta, impermeable!<br />
&#8211; Vestuario por capas:<br />
&#8211; Primera capas: Lana merino, Poliéster o Polipropileno (camisetas)<br />
&#8211; Segunda capa: Pantalón de trekking , sofshell o polar.</p>
<p style="text-align: center;">&#8211; Tercera capa: Chaqueta impermeable, Chaqueta de Pluma o sintética.<br />
&#8211; Gorro de abrigo<br />
&#8211; Gorro de Sol<br />
&#8211; Guantes</p>
<p style="text-align: center;">&#8211; Lentes<br />
&#8211; Bloqueador solar<br />
&#8211; Linterna frontal.</p>
<p style="text-align: center;">Equipamiento fotográfico recomendado:</p>
<p style="text-align: center;">&#8211; Cámara réflex o compacta.<br />
&#8211; Lentes Angular y teleobjetivo medio<br />
&#8211; Trípode<br />
&#8211; Filtros (polarizador, ND, NDG)<br />
&#8211; Accesorios (Baterías, Tarjetas, cable disparador, control remoto Etc. )<br />
&#8211; Mochila.</p>
<p style="text-align: center;"><strong>Valor:</strong> <strong>$80.000 P/p</strong></p>
<p style="text-align: center;">Incluye:</p>
<p style="text-align: center;">&#8211; Día 1: Cena: Picoteo y Pastas salsa Pesto.<br />
&#8211; Jugos y bebidas.<br />
&#8211; Día 2: Desayuno: cereal y yogurt , Pan Jamón, queso Te y café.<br />
&#8211; Snack y ración de marcha ( 2 Barra de cereal, fruta, Sándwich, jugo deportivo)</p>
<p style="text-align: center;">&#8211; Alojamiento en carpa ( incluye carpa y colchoneta opcional)<br />
&#8211; Baño camping<br />
&#8211; Guía de Turismo y fotógrafo.</p>
<p style="text-align: center;"><strong>No incluye.</strong></p>
<p style="text-align: center;">&#8211; Seguros contra accidentes.<br />
&#8211; Saco de dormir.<br />
-Equipamiento extra a la actividad.<br />
&#8211; Toallas ni útiles personales.<br />
&#8211; Comidas extras a la actividad.</p>
<p style="text-align: center;">Nota: El evento puede verse modificado por condiciones de fuerza mayor o climáticas.</p>

<p>&nbsp; TALLER INTENSIVO DE FOTOGRAFÍA NOCTURNA. Sácale el máximo partido a tu cámara, en un completo taller de fotografía Nocturna &#8211; intensivo. En este taller podrás descubrir el mundo de la fotografía nocturna y larga exposición. Aprenderemos los principios teórico/prácticos de este hermoso arte; podrás &hellip; </p>
